ns digit of 1127929?
2
What is the hundred thousands digit of 376642?
3
What is the tens digit of 492064?
6
What is the hundreds digit of 13277136?
1
What is the tens digit of 446159?
5
What is the millions digit of 3433780?
3
What is the millions digit of 20477399?
0
What is the thousands digit of 195770?
5
What is the hundreds digit of 8546?
5
What is the units digit of 10602?
2
What is the thousands digit of 1753066?
3
What is the tens digit of 1879282?
8
What is the thousands digit of 613000?
3
What is the ten millions digit of 11288321?
1
What is the tens digit of 1362132?
3
What is the hundreds digit of 102494?
4
What is the hundred thousands digit of 225629?
2
What is the hundred thousands digit of 6574016?
5
What is the hundred thousands digit of 5730840?
7
What is the hundred thousands digit of 255943?
2
What is the tens digit of 623526?
2
What is the ten thousands digit of 934216?
3
What is the tens digit of 1767521?
2
What is the units digit of 374668?
8
What is the tens digit of 107913?
1
What is the thousands digit of 31702?
1
What is the millions digit of 23476855?
3
What is the ten thousands digit of 2286746?
8
What is the units digit of 1635578?
8
What is the units digit of 3640?
0
What is the hundred thousands digit of 16277624?
2
What is the hundreds digit of 292671?
6
What is the millions digit of 1385983?
1
What is the hundred thousands digit of 8478688?
4
What is the tens digit of 217312?
1
What is the tens digit of 14030384?
8
What is the hundreds digit of 4663515?
5
What is the hundreds digit of 519053?
0
What is the units digit of 1152455?
5
What is the thousands digit of 803147?
3
What is the ten thousands digit of 814565?
1
What is the hundred thousands digit of 12892380?
8
What is the thousands digit of 46717?
6
What is the hundreds digit of 1913079?
0
What is the units digit of 703871?
1
What is the hundreds digit of 514627?
6
What is the hundreds digit of 2884019?
0
What is the millions digit of 6290668?
6
What is the hundred thousands digit of 4630333?
6
What is the hundreds digit of 1285383?
3
What is the millions digit of 3502946?
3
What is the hundreds digit of 417265?
2
What is the hundreds digit of 118812?
8
What is the ten millions digit of 11525653?
1
What is the units digit of 2958495?
5
What is the millions digit of 11009675?
1
What is the units digit of 666033?
3
What is the hundred thousands digit of 4515400?
5
What is the hundred thousands digit of 713561?
7
What is the hundred thousands digit of 182044?
1
What is the thousands digit of 142860?
2
What is the tens digit of 49147?
4
What is the hundred thousands digit of 495992?
4
What is the tens digit of 41235145?
4
What is the hundred thousands digit of 597945?
5
What is the ten thousands digit of 5920343?
2
What is the tens digit of 4168823?
2
What is the units digit of 147445?
5
What is the thousands digit of 2680501?
0
What is the units digit of 4711?
1
What is the hundreds digit of 583534?
5
What is the units digit of 9904301?
1
What is the millions digit of 4652308?
4
What is the units digit of 272319?
9
What is the tens digit of 2747216?
1
What is the ten thousands digit of 53743?
5
What is the ten thousands digit of 977662?
7
What is the units digit of 1646816?
6
What is the units digit of 657261?
1
What is the tens digit of 3634717?
1
What is the thousands digit of 16139258?
9
What is the tens digit of 13917683?
8
What is the hundreds digit of 3092438?
4
What is the ten thousands digit of 146941?
4
What is the units digit of 24899776?
6
What is the ten thousands digit of 333834?
3
What is the thousands digit of 113331?
3
What is the ten thousands digit of 1572260?
7
What is the tens digit of 2785703?
0
What is the millions digit of 1994079?
1
What is the units digit of 740641?
1
What is the hundred thousands digit of 10669088?
6
What is the ten thousands digit of 145149?
4
What is the hundreds digit of 2847857?
8
What is the thousands digit of 1534890?
4
What is the thousands digit of 192286?
2
What is the ten thousands digit of 93318?
9
What is the tens digit of 1457930?
3
What is the tens digit of 2560641?
4
What is the thousands digit of 57972?
7
What is the thousands digit of 61200?
1
What is the hundred thousands digit of 212354?
2
What is the millions digit of 11983816?
1
What is the hundred thousands digit of 9347280?
3
What is the hundred thousands digit of 727867?
7
What is the tens digit of 356370?
7
What is the hundred thousands digit of 2059685?
0
What is the units digit of 450038?
8
What is the thousands digit of 4145734?
5
What is the ten thousands digit of 281691?
8
What is the hundreds digit of 9753102?
1
What is the units digit of 2460225?
5
What is the hundreds digit of 252716?
7
What is the tens digit of 103660?
6
What is the units digit of 4914?
4
What is the tens digit of 44197?
9
What is the units digit of 288879?
9
What is the hundred thousands digit of 210569?
2
What is the hundred thousands digit of 1517811?
5
What is the hundred thousands digit of 1022126?
0
What is the thousands digit of 91875?
1
What is the tens digit of 2960977?
7
What is the thousands digit of 2073169?
3
What is the thousands digit of 10017446?
7
What is the hundreds digit of 581486?
4
What is the units digit of 6189460?
0
What is the millions digit of 11833438?
1
What is the ten thousands digit of 6831525?
3
What is the units digit of 13156772?
2
What is the units digit of 4288896?
6
What is the hundred thousands digit of 11862548?
8
What is the units digit of 4418289?
9
What is the ten thousands digit of 3733735?
3
What is the hundreds digit of 105736?
7
What is the units digit of 32740?
0
What is the hundred thousands digit of 3894411?
8
What is the hundreds digit of 4167824?
8
What is the hundreds digit of 737554?
5
What is the hundreds digit of 837690?
6
What is the thousands digit of 81875?
1
What is the ten thousands digit of 1043008?
4
What is the tens digit of 1040308?
0
What is the hundred thousands digit of 158920?
1
What is the hundred thousands digit of 9239088?
2
What is the hundred thousands digit of 249071?
2
What is the tens digit of 463919?
1
What is the thousands digit of 945869?
5
What is the hundred thousands digit of 481073?
4
What is the hundred thousands digit of 513778?
5
What is the ten thousands digit of 14171747?
7
What is the hundreds digit of 2417140?
1
What is the ten thousands digit of 204593?
0
What is the ten thousands digit of 5378833?
7
What is the thousands digit of 2175427?
5
What is the tens digit of 704533?
3
What is the hundreds digit of 219398?
3
What is the hundred thousands digit of 1951800?
9
What is the tens digit of 2907256?
5
What is the units digit of 6476147?
7
What is the thousands digit of 62484?
2
What is the thousands digit of 8834689?
4
What is the tens digit of 399687?
8
What is the units digit of 859422?
2
What is the tens digit of 3051739?
3
What is the ten thousands digit of 21105977?
0
What is the hundreds digit of 1363505?
5
What is the hundred thousands digit of 332653?
3
What is the tens digit of 4064759?
5
What is the hundreds digit of 919490?
4
What is the tens digit of 15315123?
2
What is the hundreds digit of 1192806?
8
What is the tens digit of 23481967?
6
What is the thousands digit of 503454?
3
What is the units digit of 3234806?
6
What is the ten thousands digit of 9776428?
7
What is the tens digit of 169248?
4
What is the hundreds digit of 154990?
9
What is the thousands digit of 33937?
3
What is the ten thousands digit of 17806877?
0
What is the hundred thousands digit of 981299?
9
What is the hundred thousands digit of 815616?
8
What is the tens digit of 3446851?
5
What is the tens digit of 1309424?
2
What is the hundreds digit of 25378862?
8
What is the thousands digit of 118455?
8
What is the tens digit of 288354?
5
What is the millions digit of 27877641?
7
What is the ten thousands digit of 510253?
1
What is the millions digit of 2959187?
2
What is the hundreds digit of 3320518?
5
What is the units digit of 4227453?
3
What is the thousands digit of 550722?
0
What is the units digit of 7138828?
8
What is the hundred thousands digit of 212894?
2
What is the millions digit of 3621343?
3
What is the hundreds digit of 1402475?
4
What is the ten thousands digit of 3591255?